e number?
False
Let y = 239073 + -114472. Is y a prime number?
True
Let p be -8 + 11 + 2*2/(-4). Let n be p - 18/(1/(-564) + 0). Suppose -5*w + n = -3*w. Is w a composite number?
False
Is 140/((-190)/(-19)) - -192917 a composite number?
False
Suppose -8*q + 15*q = 21. Suppose q*u + 5*m + 1 = 11, 0 = 4*u + 4*m. Let d(n) = -249*n - 44. Is d(u) a composite number?
False
Let p be (-1242)/(-36) + (-6)/(-4). Suppose -b - 3*b - 2*l = 20, 3*l = 5*b + p. Is (6 + 27/b)*4460/6 a prime number?
False
Suppose -8635206 = 24*o - 13731620 - 10468426. Is o a prime number?
False
Let z = 220 - 198. Suppose 0 = 5*o - 3*y - 11246, 21*y + 2254 = o + z*y. Is o composite?
False
Is (-8 + 175990)*9/18 prime?
True
Let k be (2/(-4))/(3/(-22824)). Suppose 0 = 28*s + 10104 - 53980. Let n = k - s. Is n composite?
False
Let h(w) = -568*w. Let d be h(-1). Suppose 5*b - b - d = 0. Is ((-2)/2)/((-2)/b) a composite number?
False
Let g(l) = -l**2 + 713*l + 461. Is g(113) prime?
True
Suppose 85*v - 11153639 = 21664946. Is v a composite number?
True
Suppose 4*i - 223687 = -s, 2*i - 2*s - 11*s - 111803 = 0. Is i prime?
True
Suppose -a + 5*v = 4250, 2*a - 4*v = -a - 12783. Let o be 4/((-8)/2) - 3 - a. Suppose 4*u = w - 2118, 0*w + 3*u + o = 2*w. Is w prime?
False
Let l = -69 - -124. Let v = -57 + l. Is 6/v + 343 - 3 prime?
True
Suppose 56*i - 324 = 59*i. Let y be i - (-3 + 2) - 4/(-2). Is y/(-2) - 2*3/(-12) a prime number?
True
Suppose -11*l = -0*l. Is (l/2 + 3809)*(-12 - -13) prime?
False
Suppose -11*c + 63 = -7*c - 5*f, 4*c - 2*f - 78 = 0. Suppose 25*r = c*r + 2*s + 31231, 0 = 4*r - 5*s - 41646. Is r a prime number?
False
Let f(y) = 8*y**2 - 1. Let z(k) = -33*k + 13*k + 5*k + 12*k + 11. Let n be z(5). Is f(n) a composite number?
False
Suppose -151*g = -149*g + 78. Let z = -29 - g. Is (356/8)/(1/z) a prime number?
False
Is 580853/10 + (9 - 651/70) composite?
True
Is 162785 + (5 - 7) + 26 + -30 a composite number?
False
Let r(y) = -y**3 + 20*y**2 - 8*y - 22. Let k(u) = -u**3 + 30*u**2 + 32*u - 41. Let w be k(31). Let t = w - -24. Is r(t) a composite number?
True
Let j = 64 - 55. Suppose l - 8 = -3*z, -j*z - l = -5*z - 11. Suppose 0 = 4*c - 2*c + 2*s, 0 = c + 2*s + z. Is c a composite number?
False
Let l(o) = -o - 6 + 9*o + o. Let i = 11 + 2. Is l(i) a prime number?
False
Suppose 0 = 4*u + 5*z - 292694, 36*z + 146392 = 2*u + 31*z. Is u prime?
True
Let y = -122932 - -205570. Suppose 6*u + y = 24*u. Is u a composite number?
False
Let a be (-1 - 1/(-2))*(-27 + 1). Suppose -o + 5*l - a = 0, -o + 4*l - 10 = -0. Suppose 3*v - 273 = -f, -v - 526 = -o*f + 6. Is f prime?
False
Let v be (-3 + -3)/2*(-7823)/(-3). Let q = v + 11974. Is q prime?
False
Let v = 59 - 57. Suppose -2*h + 2*b + v = 10, 0 = -5*h - 4*b + 16. Suppose f - 2*s + 5*s = 2935, -2*f - 4*s + 5870 = h. Is f prime?
False
Let j(i) = -5*i + 8. Let q be j(2). Is ((-14)/q - (-10)/(-2)) + 2981 a composite number?
True
Let q(b) = -2*b**2 - 6*b + 67 + 39*b - 86. Let a be q(16). Let d(z) = -12*z**3 - z**2 + 5*z - 5. Is d(a) a composite number?
True
Suppose -r - 4*c + 28103 = 0, 2*r - 3*c - 49305 = 6956. Is r a composite number?
False
Suppose 4*n + 139*q = 134*q + 670061, 670046 = 4*n + 2*q. Is n composite?
True
Suppose 0*n + 3*n + 371 = -5*m, -m - 4*n - 64 = 0. Let t = -71 - m. Suppose -2*u + 3*d - 564 = -t*u, 2*u = -3*d + 373. Is u a prime number?
True
Let t = 39040 + 34221. Is t a composite number?
True
Suppose -4*m + 5*m - 5*u = -476, m + 2*u + 448 = 0. Suppose 32687 = 30*y + 4217. Let r = m + y. Is r a composite number?
True
Let l(j) = -j**2 + 4*j + 33. Let r(a) = -a**3 + 12*a**2 - 9*a - 14. Let g be r(11). Let x be l(g). Let n(h) = 214*h**3 + h**2 - 1. Is n(x) composite?
True
Suppose 1070725 - 4096205 = -33*j + 1882907. Is j composite?
True
Let u(c) = 159*c - 6. Let m be 1/(-1)*16/(-2). Let z be (3/m*-4)/(2/(-4)). Is u(z) prime?
False
Suppose 3*u - 12763 = -2*s, 0*s - 2*u = 3*s - 19157. Is s composite?
False
Suppose -3*s + 4 = -s. Let j be (-3)/s*((-80)/15 + 4). Suppose -8*l + 3786 = -j*l. Is l a prime number?
True
Let s = -1834 + 1300. Let j = 139 - s. Suppose j + 869 = 2*i + b, 3*i - 3*b - 2313 = 0. Is i prime?
False
Let d = 7 + -3. Let b = -3959 - -3963. Suppose -1115 = -2*t + 4*a - 53, d*t + b*a = 2184. Is t composite?
False
Suppose u + 86 - 283 = -3*m, -5*u = -3*m - 913. Let q be (-1 - (-50)/8)*-8. Let s = u + q. Is s a prime number?
False
Suppose 2*h + 5 + 7 = 0. Let f = 6 + h. Is (10/(-15) - f) + (-5338)/(-6) prime?
False
Suppose 9754 = 3*j - f, -2*j + 1332 = 4*f - 5166. Is j prime?
True
Suppose j - 5*z + 9899 = 3*j, -25 = 5*z. Let w = -2803 + j. Suppose -x - 5*y - w = -3*x, x + y = 1062. Is x composite?
True
Let n(y) = y**3 - 7*y**2 + 4. Let z be n(7). Suppose -4*c - z*c = -12096. Suppose -2346 - c = -4*a - 5*t, 3*a - 5*t - 2911 = 0. Is a prime?
True
Let b be (12/24)/(2/8). Suppose 2*w - 18 = -b*s + 6, 21 = 2*s + w. Is (214/(-4))/(s/(-36)) composite?
True
Let s be (144/(-30))/((-4)/470). Let w(g) = 18*g**2 - 6*g + 7. Let o be w(2). Let p = s + o. Is p prime?
True
Let s(x) = 3655*x**3 + 2*x**2 + 19*x - 21. Is s(4) a composite number?
False
Let i(m) = -17*m**3 + m**2 + 8*m + 2. Let n be ((-8)/8)/(4/12). Is i(n) prime?
False
Suppose 5*v + 38 = -5*m + 3*m, 3*m + 3*v = -66. Let b be ((-1995)/(-76))/((-2)/m). Suppose -368 = -s + b. Is s prime?
True
Let w(z) = -2504*z - 1174*z + 3 + 3. Let p be w(-1). Suppose -4*c - 4*q + p = 0, -9*c + 3*q = -4*c - 4613. Is c composite?
True
Let w be (-68)/(-20) - (-6)/(-15). Suppose 23 = -6*t + 53. Suppose -v + 814 = w*v + o, -2*o = -t*v + 1011. Is v a prime number?
False
Suppose 4*v = 4*f + 96, 4*v = -5*f + 2*f + 96. Suppose -v*s + 35*s - 4202 = 0. Is s a prime number?
False
Suppose -2*a - 5*w = -7, -3*a - 3*w + 51 = -7*a. Let k(i) = 57*i**2 + 2*i + 22. Is k(a) prime?
True
Let l(k) = 12*k - 68. Let j be l(6). Suppose -w + 2464 = 5*y - j*y, -5*y - w + 12300 = 0. Is y a composite number?
False
Is 1 - 33265/(((-6)/(-8))/(45/(-6))) a composite number?
True
Let u be 66/198 + 85031/3. Let f = -16825 + u. Is f composite?
False
Let b = -70364 - -120721. Is b a composite number?
True
Let w(u) = 160*u**2 - 4*u - 19. Suppose -4*y - 83 = -127. Is w(y) composite?
True
Let a = -107 + 107. Suppose -13*y + 16*y - 2373 = a. Suppose -10*z + 11*z = y. Is z prime?
False
Let l = -13195 - -67710. Is l prime?
False
Suppose 2166644 - 89457 = 19*q - 12*q. Is q a prime number?
True
Suppose 6 + 8 = 2*b. Let w(q) = 89*q + 10. Let v be w(b). Suppose -17*l - v = -20*l. Is l prime?
True
Let w(g) = 10860*g - 337. Is w(19) composite?
True
Suppose -t - 209 = -20*t. Suppose -41*u + t*u = -6450. Is u a prime number?
False
Let s = -4488 - -11401. Suppose 9*t = 5*f + 10*t - s, 3*f = 5*t + 4131. Is f prime?
False
Suppose -119*p + 38*p = 68*p - 63259589. Is p a composite number?
True
Let c(j) = 2*j**2 + 4*j**2 + 3*j**2 + 17*j + 25 - 8*j. Let f be c(-7). Is (-17 - 3)/(-5) + f composite?
True
Let q = -438170 - -692869. Is q a prime number?
True
Suppose -103*i = -102*i - 69. Suppose -24 = 15*z - i. Suppose z*b - 576 = 759. Is b prime?
False
Suppose 4*m + o = 88053, -59*m + 61*m - o - 44025 = 0. Is m a prime number?
True
Suppose -15880377 = -17*d - 1673290. Is d a composite number?
True
Let k = -5 - -34. Suppose 0 = 25*f - k*f + 36. Is 3 + 3*(1 - (-1227)/f) prime?
False
Let q = 69990 - -53641. Is q composite?
False
Is (-1 - 222582/12)*-5*18/45 prime?
False
Suppose 5*o - 8*a - 106045 = -5*a, 3*o + 5*a - 63661 = 0. Let n be (-2 + o/(-12))/((-4)/12). Suppose -5*h + n = -3926. Is h prime?
True
Let z(s) = 122*s**2 + 5*s - 3. Let r be z(-4). Suppose 9*p = -588 + r. Is p*(2*(-3)/(-6))/1 composite?
False
Let d = 181 - 119. Suppose p - d = 126. Suppose 0 = -n + g + p, -2*g = 4*n - 322 - 400. Is n composite?
True
Suppose -y - 35*q = -39*q - 510959, 3*q - 510994 = -y. Is y prime?
False
Let g(o) = -184*o + 3. Suppose 73*n - 67*n = -54. Let k be (1 + (-3 - n))*4/(-14). Is g(k) a composite number?
True
Suppose -9*t - 288 = -12*t. Is (-122048)/t*18/(-4) a prime number?
False
Let d = 150 + -155. Let v(x) = 49*x**2 - 11*x - 25. Is v(d) a composite number?
True
Let t(d) = -d + 3. Let n be t(0). Suppose n = -5*i - 87. Is 13614/10 - (i/15)/(-3) a composite number?
False
Let z be (-4)/(-16)*-6*-4. Let p be ((-4)/(-14))/(z/42). Suppose 5*u - 5*t - 815 = 0, 0 